43
List the prime factors of 70342087.
70342087
List the prime factors of 174016394.
2, 87008197
What are the prime factors of 2347879987?
113, 20777699
What are the prime factors of 609038383?
101, 6030083
What are the prime factors of 237909764?
2, 17, 67, 79, 661
What are the prime factors of 1345551179?
7, 192221597
What are the prime factors of 75615240?
2, 3, 5, 630127
What are the prime factors of 916052777?
916052777
What are the prime factors of 149745676?
2, 29, 257, 5023
List the prime factors of 275524965.
3, 5, 6122777
List the prime factors of 1595819154.
2, 3, 265969859
What are the prime factors of 1434026289?
3, 478008763
What are the prime factors of 75558837?
3, 2017, 12487
List the prime factors of 32037541.
32037541
What are the prime factors of 197992721?
499, 619, 641
What are the prime factors of 76483992?
2, 3, 13, 109, 173
What are the prime factors of 155553145?
5, 11, 17, 43, 53, 73
List the prime factors of 122173259.
13, 29, 324067
List the prime factors of 2686135656.
2, 3, 113, 990463
What are the prime factors of 557895404?
2, 11, 19, 139, 4801
What are the prime factors of 13734336?
2, 3, 7, 11, 929
List the prime factors of 39629735.
5, 1489, 5323
What are the prime factors of 438895807?
7, 397, 157933
List the prime factors of 626720081.
13, 2549, 18913
List the prime factors of 5624842004.
2, 19, 23, 3217873
List the prime factors of 460709928.
2, 3, 7, 17, 3163
What are the prime factors of 315758423?
167, 1890769
What are the prime factors of 417748519?
461, 906179
List the prime factors of 1035394351.
137, 7557623
What are the prime factors of 7269726829?
5659, 1284631
What are the prime factors of 58230686?
2, 43, 431, 1571
What are the prime factors of 38366588?
2, 13, 737819
What are the prime factors of 756218609?
756218609
List the prime factors of 15050022.
2, 3, 13, 192949
List the prime factors of 6446570.
2, 5, 13, 17, 2917
List the prime factors of 1081305416.
2, 7517, 17981
What are the prime factors of 1827368745?
3, 5, 23, 5296721
List the prime factors of 62453772.
2, 3, 1734827
List the prime factors of 28076035.
5, 13, 59, 7321
What are the prime factors of 863522481?
3, 53, 5430959
List the prime factors of 68534066.
2, 23, 211, 307
What are the prime factors of 339813116?
2, 97, 919, 953
List the prime factors of 2217796679.
7, 19, 16675163
What are the prime factors of 355855186?
2, 17, 43, 243403
What are the prime factors of 37115508?
2, 3, 3092959
What are the prime factors of 11431682?
2, 5715841
What are the prime factors of 691944331?
13, 41, 79, 16433
List the prime factors of 68747530.
2, 5, 6874753
What are the prime factors of 504727240?
2, 5, 277, 45553
List the prime factors of 260958352.
2, 16309897
List the prime factors of 146043127.
157, 930211
List the prime factors of 121674122.
2, 271, 224491
What are the prime factors of 16011845?
5, 3202369
What are the prime factors of 3515003782?
2, 43, 40872137
What are the prime factors of 464552908?
2, 37, 43, 72997
What are the prime factors of 4635454823?
4635454823
What are the prime factors of 8989394?
2, 19, 236563
What are the prime factors of 73940571?
3, 19, 432401
List the prime factors of 24068673.
3, 2674297
List the prime factors of 7958622.
2, 3, 7, 189491
List the prime factors of 163165339.
29, 5626391
What are the prime factors of 52108047?
3, 191, 30313
List the prime factors of 4253684468.
2, 11, 31, 3118537
What are the prime factors of 1355223133?
11, 123202103
What are the prime factors of 297730511?
13, 347, 5077
What are the prime factors of 4226788968?
2, 3, 97, 1815631
What are the prime factors of 20749945?
5, 17, 101, 2417
List the prime factors of 3614500110.
2, 3, 5, 13, 149, 62201
What are the prime factors of 65756241?
3, 23, 317663
What are the prime factors of 110326941?
3, 41, 139, 239
What are the prime factors of 10812876?
2, 3, 433, 2081
List the prime factors of 239708251.
5639, 42509
List the prime factors of 447160702.
2, 2903, 77017
List the prime factors of 9193296205.
5, 19, 37, 2615447
What are the prime factors of 193251788?
2, 48312947
What are the prime factors of 476034123?
3, 43, 3690187
List the prime factors of 409133597.
409133597
List the prime factors of 242985119.
13, 79, 197, 1201
What are the prime factors of 1473527266?
2, 736763633
What are the prime factors of 3813414090?
2, 3, 5, 47, 2704549
What are the prime factors of 339127966?
2, 547, 309989
List the prime factors of 839872762.
2, 419936381
What are the prime factors of 1092300654?
2, 3, 12973, 14033
List the prime factors of 688815879.
3, 47, 4885219
List the prime factors of 838138.
2, 7, 131, 457
List the prime factors of 378516817.
7, 479, 16127
List the prime factors of 68585298.
2, 3, 11430883
What are the prime factors of 50531353?
50531353
What are the prime factors of 386899837?
386899837
List the prime factors of 156286155.
3, 5, 1553, 6709
List the prime factors of 182530293.
3, 11, 5531221
List the prime factors of 3126373.
41, 76253
List the prime factors of 65911919.
73, 902903
List the prime factors of 1251993014.
2, 857, 730451
List the prime factors of 75885111.
3, 8431679
What are the prime factors of 101330788?
2, 13, 1948669
What are the prime factors of 291584057?
11867, 24571
List the prime factors of 2664041784.
2, 3, 4931, 22511
List the prime factors of 62928266.
2, 19, 1656007
List the prime factors of 48471407.
191, 253777
What are the prime factors of 18482670?
2, 3, 5, 137, 1499
List the prime factors of 102370734.
2, 3, 601, 9463
List the prime factors of 465569858.
2, 13, 43, 89, 4679
List the prime factors of 7333951717.
383, 19148699
What are the prime factors of 1115986523?
1115986523
List the prime factors of 5439995200.
2, 5, 3399997
What are the prime factors of 99558401?
71, 1402231
List the prime factors of 198305813.
251, 790063
What are the prime factors of 1157844835?
5, 7, 1483, 22307
List the prime factors of 332453774.
2, 166226887
List the prime factors of 114120066.
2, 3, 23, 826957
List the prime factors of 70822920.
2, 3, 5, 7, 84313
List the prime factors of 117852073.
3187, 36979
What are the prime factors of 28809893?
7, 397, 1481
List the prime factors of 2858927581.
37, 41, 1884593
List the prime factors of 34173692.
2, 7, 1220489
What are the prime factors of 161590750?
2, 5, 317, 2039
List the prime factors of 102113513.
102113513
What are the prime factors of 215414975?
5, 8616599
List the prime factors of 221813973.
3, 24645997
List the prime factors of 794533210.
2, 5, 2843, 27947
What are the prime factors of 4082321?
19, 37, 5807
List the prime factors of 399233248.
2, 239, 52201
List the prime factors of 87191481.
3, 13, 173, 12923
What are the prime factors of 197076365?
5, 39415273
List the prime factors of 115851974.
2, 7, 17, 69539
List the prime factors of 2496224946.
2, 3, 18047, 23053
List the prime factors of 135147183.
3, 1907, 23623
What are the prime factors of 93005521?
7, 17, 781559
List the prime factors of 1103981411.
13, 17, 113, 44207
List the prime factors of 116835797.
13, 53, 151, 1123
List the prime factors of 11718496.
2, 31, 11813
List the prime factors of 6959626940.
2, 5, 7, 17, 2924213
List the prime factors of 169802368.
2, 347, 3823
List the prime factors of 22091452.
2, 19, 290677
List the prime factors of 4044591573.
3, 11, 877, 139753
What are the prime factors of 65985549?
3, 7, 761, 4129
List the prime factors of 78197900.
2, 5, 11, 71089
What are the prime factors of 92960890?
2, 5, 11, 845099
What are the prime factors of 43537988?
2, 13, 23, 59, 617
What are the prime factors of 238148497?
83, 2869259
What are the prime factors of 35793939?
3, 11931313
What are the prime factors of 151698102?
2, 3, 25283017
What are the prime factors of 17195430?
2, 3, 5, 7, 81883
List the prime factors of 2908054326.
2, 3, 5153, 94057
What are the prime factors of 61048334?
2, 30524167
What are the prime factors of 30648514?
2, 13, 761, 1549
List the prime factors of 2848176728.
2, 356022091
What are the prime factors of 8178022488?
2, 3, 79, 4313303
What are the prime factors of 786974963?
786974963
List the prime factors of 4599644538.
2, 3, 53, 14464291
What are the prime factors of 735296955?
3, 5, 49019797
What are the pr